e of 1172?
False
Is 734 a factor of 1425428?
True
Is 214 a factor of 6704406?
True
Does 214 divide 154269?
False
Is 784642 a multiple of 5?
False
Is 56 a factor of 341589?
False
Is 315152 a multiple of 16?
True
Is 1239900 a multiple of 12?
True
Is 663340 a multiple of 34?
True
Is 6454145 a multiple of 678?
False
Is 42 a factor of 609462?
True
Does 14 divide 66584?
True
Is 642594 a multiple of 971?
False
Is 30 a factor of 53749?
False
Does 23 divide 560130?
False
Is 843125 a multiple of 475?
True
Is 388 a factor of 1839872?
False
Is 314960 a multiple of 248?
True
Does 6 divide 59592?
True
Is 230 a factor of 1737420?
True
Is 200421 a multiple of 9?
True
Does 18 divide 404794?
False
Does 8 divide 7939702?
False
Does 23 divide 293135?
True
Is 2765996 a multiple of 7?
False
Is 392 a factor of 622234?
False
Is 56189 a multiple of 46?
False
Is 10 a factor of 148719?
False
Does 70 divide 35205?
False
Is 42 a factor of 3423596?
False
Is 213 a factor of 1540416?
True
Does 646 divide 16761608?
False
Is 40791 a multiple of 141?
False
Does 60 divide 450420?
True
Is 1889970 a multiple of 438?
True
Is 8 a factor of 185664?
True
Is 68179 a multiple of 29?
True
Does 13 divide 15471905?
False
Is 219 a factor of 1116024?
True
Does 11 divide 765864?
True
Is 530950 a multiple of 50?
True
Is 161813 a multiple of 161?
False
Is 125 a factor of 224441?
False
Does 65 divide 13551858?
False
Is 4 a factor of 15620?
True
Is 13 a factor of 8411975?
True
Is 17253 a multiple of 10?
False
Does 283 divide 839944?
True
Does 30 divide 4920?
True
Does 35 divide 6143971?
False
Is 48 a factor of 342672?
True
Does 117 divide 1985022?
True
Is 73530 a multiple of 10?
True
Is 5274 a multiple of 3?
True
Is 112875 a multiple of 129?
True
Does 17 divide 585344?
True
Is 919338 a multiple of 27?
False
Does 282 divide 26508?
True
Is 4138952 a multiple of 206?
True
Is 1314321 a multiple of 387?
False
Is 105 a factor of 1682141?
False
Is 542505 a multiple of 177?
True
Is 160272 a multiple of 16?
True
Does 224 divide 291632?
False
Does 10 divide 7220920?
True
Is 946579 a multiple of 6?
False
Is 9 a factor of 504311?
False
Is 5614755 a multiple of 1774?
False
Is 562 a factor of 857050?
True
Is 241635 a multiple of 37?
False
Is 8 a factor of 6223099?
False
Is 22 a factor of 657228?
True
Is 126 a factor of 268758?
True
Does 219 divide 5554896?
False
Is 235 a factor of 2587483?
False
Is 22088538 a multiple of 1593?
True
Does 374 divide 1711726?
False
Is 31 a factor of 12278?
False
Is 51 a factor of 276451?
False
Does 90 divide 339660?
True
Does 10 divide 23320?
True
Is 1318828 a multiple of 74?
True
Does 2 divide 64324?
True
Is 610 a factor of 214720?
True
Is 594 a factor of 1017857?
False
Is 384748 a multiple of 98?
True
Does 120 divide 45600?
True
Is 6 a factor of 5706326?
False
Is 5102650 a multiple of 350?
True
Is 28945 a multiple of 4?
False
Is 148 a factor of 89392?
True
Is 174 a factor of 395896?
False
Is 168 a factor of 51912?
True
Does 4 divide 1713960?
True
Is 55 a factor of 1268630?
True
Is 111042 a multiple of 18?
True
Does 5 divide 297573?
False
Is 244 a factor of 4559628?
True
Is 219856 a multiple of 182?
True
Is 850 a factor of 742900?
True
Is 1291312 a multiple of 24?
False
Is 2298716 a multiple of 79?
False
Is 615811 a multiple of 72?
False
Is 122517 a multiple of 242?
False
Is 218 a factor of 769540?
True
Does 24 divide 72450?
False
Is 815 a factor of 33411740?
True
Is 154800 a multiple of 6?
True
Does 16 divide 1198407?
False
Is 53 a factor of 246079?
True
Does 624 divide 16324464?
True
Is 83 a factor of 32311?
False
Is 124710 a multiple of 273?
False
Is 754 a factor of 960580?
False
Is 164 a factor of 212708?
True
Does 8 divide 130848?
True
Is 116 a factor of 2492127?
False
Does 16 divide 4039?
False
Is 54 a factor of 96498?
True
Is 14295 a multiple of 6?
False
Is 100950 a multiple of 5?
True
Is 826 a factor of 5173696?
False
Does 1645 divide 2814595?
True
Is 23197 a multiple of 8?
False
Is 39 a factor of 99700?
False
Does 58 divide 1648317?
False
Is 498 a factor of 538569?
False
Is 19 a factor of 202359?
False
Is 30 a factor of 13137?
False
Is 23 a factor of 1815386?
False
Is 158 a factor of 163810?
False
Is 884036 a multiple of 4?
True
Is 29691242 a multiple of 434?
True
Is 29 a factor of 49532?
True
Does 11 divide 23914?
True
Is 2 a factor of 31407?
False
Is 105712 a multiple of 4?
True
Does 111 divide 142080?
True
Is 335 a factor of 532818?
False
Does 7 divide 1366740?
False
Is 72 a factor of 538127?
False
Does 154 divide 757850?
False
Does 32 divide 259968?
True
Is 6 a factor of 249425?
False
Is 448140 a multiple of 14?
True
Is 188684 a multiple of 26?
False
Does 11 divide 196375?
False
Is 7424612 a multiple of 142?
True
Is 3277776 a multiple of 552?
True
Does 825 divide 414168?
False
Is 12617 a multiple of 11?
True
Is 81 a factor of 4745385?
True
Is 27552 a multiple of 264?
False
Is 47 a factor of 171663?
False
Does 54 divide 14395?
False
Does 420 divide 2384957?
False
Is 30 a factor of 44130?
True
Is 37096 a multiple of 48?
False
Does 45 divide 1587285?
True
Does 22 divide 1958?
True
Is 1647884 a multiple of 35?
False
Is 192671 a multiple of 35?
False
Is 15 a factor of 519751?
False
Does 1811 divide 11587240?
False
Is 21750 a multiple of 29?
True
Is 9 a factor of 23562?
True
Is 642870 a multiple of 18?
True
Is 339617 a multiple of 5?
False
Is 9 a factor of 151884?
True
Is 1667368 a multiple of 172?
True
Does 942 divide 2840130?
True
Does 762 divide 9455082?
False
Is 81 a factor of 775170?
True
Is 4 a factor of 208331?
False
Does 789 divide 11035841?
False
Is 110 a factor of 4350081?
False
Is 86 a factor of 2658432?
True
Does 127 divide 36247?
False
Is 1885199 a multiple of 317?
True
Is 627 a factor of 3701248?
False
Is 373 a factor of 4356026?
False
Is 189 a factor of 385710?
False
Is 7 a factor of 1403059?
True
Does 8 divide 25968?
True
Is 364770 a multiple of 105?
True
Does 101 divide 184936?
False
Does 3 divide 17666?
False
Is 95912 a multiple of 152?
True
Is 457176 a multiple of 14?
False
Does 209 divide 3259311?
False
Is 254535 a multiple of 33?
False
Does 464 divide 315520?
True
Does 307 divide 183586?
True
Is 34 a factor of 269477?
False
Is 783 a factor of 10469005?
False
Is 306472 a multiple of 7?
False
Is 31938 a multiple of 24?
False
Is 367274 a multiple of 50?
False
Does 21 divide 153867?
True
Is 2501754 a multiple of 20?
False
Does 117 divide 308612?
False
Is 244 a factor of 815558?
False
Does 14 divide 1000580?
True
Is 24345300 a multiple of 70?
True
Does 60 divide 151941?
False
Is 238100 a multiple of 15?
False
Does 193 divide 15184275?
True
Is 224 a factor of 470340?
False
Is 2 a factor of 54772?
True
Is 6459390 a multiple of 105?
True
Is 805 a factor of 941850?
True
Is 713810 a multiple of 410?
True
Is 15331654 a multiple of 92?
False
Is 648 a factor of 8662908?
False
Is 53 a factor of 10629154?
False
Is 1139521 a multiple of 17?
False
Does 34 divide 61730?
False
Is 210296 a multiple of 194?
True
Is 3 a factor of 18579?
True
Is 393 a factor of 4801090?
False
Does 466 divide 847654?
True
Is 2032710 a multiple of 10?
True
Is 1243088 a multiple of 18?
False
Is 42 a factor of 1072485?
False
Is 29 a factor of 13899874?
True
Is 4 a factor of 62154?
False
Is 148 a factor of 1647980?
True
Is 913 a factor of 2191873?
False
Is 3526913 a multiple of 535?
False
Does 41 divide 2560071?
False
Is 3009258 a multiple of 171?
True
Is 961057 a multiple of 6?
False
Does 341 divide 83247?
False
Is 21 a factor of 2222032?
False
Is 42 a factor of 160314?
True
Is 290394 a multiple of 306?
True
Does 92 divide 2024122?
False
Is 570259 a multiple of 6?
False
Is 9966 a multiple of 11?
True
Is 27 a factor of 93101?
False
Is 12 a factor of 908759?
False
Is 71340 a multiple of 11?
False
Is 3352120 a multiple of 20?
True
Is 5 a factor of 7703?
False
Does 34 divide 1288260?
True
Does 156 divide 2868216?
True
Does 43 divide 399384?
True
Is 214178 even?
True
Is 9 a factor of 743650?
False
Is 222932 a multiple of 9?
False
Is 850592 a multiple of 8?
True
Is 420963 a multiple of 317?
False
Is 13 a factor of 184837?
False
Is 511222 a multiple of 16?
False
Is 37 a factor of 27380?
True
Does 92 divide 1888668?
True
Does 448 divide 46144?
True
Is 12 a factor of 598021?
False
Is 57 a factor of